{"id":4639,"date":"2022-05-31T17:49:14","date_gmt":"2022-05-31T17:49:14","guid":{"rendered":"https:\/\/vesaniart.com\/?post_type=tribe_events&#038;p=4639"},"modified":"2022-11-06T09:11:36","modified_gmt":"2022-11-06T09:11:36","slug":"sogno-botanico-exposicion-de-valeria-pesce-en-el-jardin-botanico-historico-la-concepcion-de-malaga","status":"publish","type":"tribe_events","link":"https:\/\/vesaniart.com\/en\/exposicion\/sogno-botanico-exposicion-de-valeria-pesce-en-el-jardin-botanico-historico-la-concepcion-de-malaga","title":{"rendered":"&#8220;SOGNO BOT\u00c1NICO&#8221; EXHIBITION OF VALERIA PESCE AT THE BOTANICAL-HISTORICAL GARDEN LA CONCEPCI\u00d3N OF M\u00c1LAGA"},"content":{"rendered":"<p>Valeria Pesce was born on the Italian island of Sardinia, a constant source of inspiration in her work. In her paintings, plants and abstract water, where she immerses her famous red fish, are always the protagonists.<\/p>\n<p>His greens coexist sylvanly without any permission, oxygenating us. His fish, with archaic and intuitive movements, float in a liquid sky without gravity, in an amniotic space where colours are vectors of emotions and feelings.<\/p>\n<p>Pesce often paints in oil on wood, making the nature of the wood interfere and enrich his painting, turning the work into a unique and lively piece, with an exquisite chromatic palette.<\/p>\n<p>Pesce has woven a vine that links her native Sardinia with the Historical Botanical Garden La Concepci\u00f3n in Malaga, both dreamed and also lived paradises, where the dream is inexcusably botanical.<\/p>\n<p>Valeria Pesce&#8217;s work is in contemporary art collections in Germany, France, Switzerland, Italy, Spain, England, New Zealand, the United States, Hong Kong and Switzerland.<\/p>\n<p>Curators:<\/p>\n<p>Nuria Delgado and Agust\u00edn Linares<\/p>\n<p>&nbsp;<\/p>\n<h3>DOSSIER\u00a0 EXHIBITION<\/h3>\n<a href=\"https:\/\/vesaniart.com\/wp-content\/uploads\/2022\/05\/relacionobras.pdf\" class=\"pdfemb-viewer\" style=\"\" data-width=\"max\" data-height=\"max\"  data-toolbar=\"bottom\" data-toolbar-fixed=\"off\">relacionobras<br\/><\/a>\n<h3><\/h3>\n<h3>VIDEO OF THE EXHIBITION<\/h3>\n<h4>&#8220;SOGNO BOT\u00c1NICO&#8221; EXHIBITION OF VALERIA PESCE AT THE BOTANICAL-HISTORICAL GARDEN LA CONCEPCI\u00d3N OF M\u00c1LAGA 1<\/h4>\n<h4><iframe  id=\"_ytid_96039\"  width=\"1060\" height=\"596\"  data-origwidth=\"1060\" data-origheight=\"596\" src=\"https:\/\/www.youtube.com\/embed\/vw43BhVdJJs?enablejsapi=1&autoplay=0&cc_load_policy=0&cc_lang_pref=&iv_load_policy=1&loop=0&modestbranding=0&rel=1&fs=1&playsinline=0&autohide=2&theme=dark&color=red&controls=1&\" class=\"__youtube_prefs__  no-lazyload\" title=\"YouTube player\"  allow=\"accelerometer; autoplay; clipboard-write; encrypted-media; gyroscope; picture-in-picture\" allowfullscreen data-no-lazy=\"1\" data-skipgform_ajax_framebjll=\"\"><\/iframe><\/h4>\n<p>&nbsp;<\/p>\n<h4>&#8220;SOGNO BOT\u00c1NICO&#8221; EXHIBITION OF VALERIA PESCE AT THE BOTANICAL-HISTORICAL GARDEN LA CONCEPCI\u00d3N OF M\u00c1LAGA 2<\/h4>\n<h4><iframe  id=\"_ytid_52684\"  width=\"1060\" height=\"596\"  data-origwidth=\"1060\" data-origheight=\"596\" src=\"https:\/\/www.youtube.com\/embed\/VIxXiUrlVSA?enablejsapi=1&autoplay=0&cc_load_policy=0&cc_lang_pref=&iv_load_policy=1&loop=0&modestbranding=0&rel=1&fs=1&playsinline=0&autohide=2&theme=dark&color=red&controls=1&\" class=\"__youtube_prefs__  no-lazyload\" title=\"YouTube player\"  allow=\"accelerometer; autoplay; clipboard-write; encrypted-media; gyroscope; picture-in-picture\" allowfullscreen data-no-lazy=\"1\" data-skipgform_ajax_framebjll=\"\"><\/iframe><\/h4>\n<p>&nbsp;<\/p>\n<h4>&#8220;SOGNO BOT\u00c1NICO&#8221; EXHIBITION OF VALERIA PESCE AT THE BOTANICAL-HISTORICAL GARDEN LA CONCEPCI\u00d3N OF M\u00c1LAGA 3<\/h4>\n<h4><iframe  id=\"_ytid_71633\"  width=\"1060\" height=\"596\"  data-origwidth=\"1060\" data-origheight=\"596\" src=\"https:\/\/www.youtube.com\/embed\/HyiRKmf2W0c?enablejsapi=1&autoplay=0&cc_load_policy=0&cc_lang_pref=&iv_load_policy=1&loop=0&modestbranding=0&rel=1&fs=1&playsinline=0&autohide=2&theme=dark&color=red&controls=1&\" class=\"__youtube_prefs__  no-lazyload\" title=\"YouTube player\"  allow=\"accelerometer; autoplay; clipboard-write; encrypted-media; gyroscope; picture-in-picture\" allowfullscreen data-no-lazy=\"1\" data-skipgform_ajax_framebjll=\"\"><\/iframe><\/h4>\n<p>&nbsp;<\/p>\n<h4>&#8220;SOGNO BOT\u00c1NICO&#8221; EXHIBITION OF VALERIA PESCE AT THE BOTANICAL-HISTORICAL GARDEN LA CONCEPCI\u00d3N OF M\u00c1LAGA 4<\/h4>\n<h4><iframe  id=\"_ytid_63206\"  width=\"1060\" height=\"596\"  data-origwidth=\"1060\" data-origheight=\"596\" src=\"https:\/\/www.youtube.com\/embed\/H2XbQoE-UvQ?enablejsapi=1&autoplay=0&cc_load_policy=0&cc_lang_pref=&iv_load_policy=1&loop=0&modestbranding=0&rel=1&fs=1&playsinline=0&autohide=2&theme=dark&color=red&controls=1&\" class=\"__youtube_prefs__  no-lazyload\" title=\"YouTube player\"  allow=\"accelerometer; autoplay; clipboard-write; encrypted-media; gyroscope; picture-in-picture\" allowfullscreen data-no-lazy=\"1\" data-skipgform_ajax_framebjll=\"\"><\/iframe><\/h4>\n<p>&nbsp;<\/p>\n<h4>&#8220;SOGNO BOT\u00c1NICO&#8221; EXHIBITION OF VALERIA PESCE AT THE BOTANICAL-HISTORICAL GARDEN LA CONCEPCI\u00d3N OF M\u00c1LAGA 5<\/h4>\n<h4><iframe  id=\"_ytid_38377\"  width=\"1060\" height=\"596\"  data-origwidth=\"1060\" data-origheight=\"596\" src=\"https:\/\/www.youtube.com\/embed\/-Z8g16RIkR4?enablejsapi=1&autoplay=0&cc_load_policy=0&cc_lang_pref=&iv_load_policy=1&loop=0&modestbranding=0&rel=1&fs=1&playsinline=0&autohide=2&theme=dark&color=red&controls=1&\" class=\"__youtube_prefs__  no-lazyload\" title=\"YouTube player\"  allow=\"accelerometer; autoplay; clipboard-write; encrypted-media; gyroscope; picture-in-picture\" allowfullscreen data-no-lazy=\"1\" data-skipgform_ajax_framebjll=\"\"><\/iframe><\/h4>\n","protected":false},"excerpt":{"rendered":"Valeria Pesce was born on the Italian island of Sardinia, a constant source of inspiration in her work. In her paintings, plants and abstract water, where she immerses her famous red fish, are always the protagonists. His greens coexist sylvanly without any permission, oxygenating us. His fish, with archaic and intuitive movements, float in a liquid sky without gravity, in an amniotic space where colours are vectors of emotions and feelings. Pesce often paints in&#8230;","protected":false},"author":1,"featured_media":4640,"comment_status":"closed","ping_status":"closed","template":"","meta":{"_tribe_events_status":"","_tribe_events_status_reason":"","_links_to":"","_links_to_target":""},"tags":[],"tribe_events_cat":[5],"_links":{"self":[{"href":"https:\/\/vesaniart.com\/en\/wp-json\/wp\/v2\/tribe_events\/4639"}],"collection":[{"href":"https:\/\/vesaniart.com\/en\/wp-json\/wp\/v2\/tribe_events"}],"about":[{"href":"https:\/\/vesaniart.com\/en\/wp-json\/wp\/v2\/types\/tribe_events"}],"author":[{"embeddable":true,"href":"https:\/\/vesaniart.com\/en\/wp-json\/wp\/v2\/users\/1"}],"replies":[{"embeddable":true,"href":"https:\/\/vesaniart.com\/en\/wp-json\/wp\/v2\/comments?post=4639"}],"version-history":[{"count":28,"href":"https:\/\/vesaniart.com\/en\/wp-json\/wp\/v2\/tribe_events\/4639\/revisions"}],"predecessor-version":[{"id":5003,"href":"https:\/\/vesaniart.com\/en\/wp-json\/wp\/v2\/tribe_events\/4639\/revisions\/5003"}],"wp:featuredmedia":[{"embeddable":true,"href":"https:\/\/vesaniart.com\/en\/wp-json\/wp\/v2\/media\/4640"}],"wp:attachment":[{"href":"https:\/\/vesaniart.com\/en\/wp-json\/wp\/v2\/media?parent=4639"}],"wp:term":[{"taxonomy":"post_tag","embeddable":true,"href":"https:\/\/vesaniart.com\/en\/wp-json\/wp\/v2\/tags?post=4639"},{"taxonomy":"tribe_events_cat","embeddable":true,"href":"https:\/\/vesaniart.com\/en\/wp-json\/wp\/v2\/tribe_events_cat?post=4639"}],"curies":[{"name":"wp","href":"https:\/\/api.w.org\/{rel}","templated":true}]}}

&#8220;SOGNO BOTÁNICO&#8221; EXHIBITION OF VALERIA PESCE AT THE BOTANICAL-HISTORICAL GARDEN LA CONCEPCIÓN OF MÁLAGA

<p>Valeria Pesce was born on the Italian island of Sardinia, a constant source of inspiration in her work. In her paintings, plants and abstract water, where she immerses her famous red fish, are always the protagonists.</p>
<p>His greens coexist sylvanly without any permission, oxygenating us. His fish, with archaic and intuitive movements, float in a liquid sky without gravity, in an amniotic space where colours are vectors of emotions and feelings.</p>
<p>Pesce often paints in oil on wood, making the nature of the wood interfere and enrich his painting, turning the work into a unique and lively piece, with an exquisite chromatic palette.</p>
<p>Pesce has woven a vine that links her native Sardinia with the Historical Botanical Garden La Concepción in Malaga, both dreamed and also lived paradises, where the dream is inexcusably botanical.</p>
<p>Valeria Pesce&#8217;s work is in contemporary art collections in Germany, France, Switzerland, Italy, Spain, England, New Zealand, the United States, Hong Kong and Switzerland.</p>
<p>Curators:</p>
<p>Nuria Delgado and Agustín Linares</p>
<p>&nbsp;</p>
<h3>DOSSIER  EXHIBITION</h3>
<a href="https://vesaniart.com/wp-content/uploads/2022/05/relacionobras.pdf" class="pdfemb-viewer" style="" data-width="max" data-height="max"  data-toolbar="bottom" data-toolbar-fixed="off">relacionobras<br/></a>
<h3></h3>
<h3>VIDEO OF THE EXHIBITION</h3>
<h4>&#8220;SOGNO BOTÁNICO&#8221; EXHIBITION OF VALERIA PESCE AT THE BOTANICAL-HISTORICAL GARDEN LA CONCEPCIÓN OF MÁLAGA 1</h4>
<h4><iframe  id="_ytid_96039"  width="1060" height="596"  data-origwidth="1060" data-origheight="596" src="https://www.youtube.com/embed/vw43BhVdJJs?enablejsapi=1&autoplay=0&cc_load_policy=0&cc_lang_pref=&iv_load_policy=1&loop=0&modestbranding=0&rel=1&fs=1&playsinline=0&autohide=2&theme=dark&color=red&controls=1&" class="__youtube_prefs__  no-lazyload" title="YouTube player"  allow="accelerometer; autoplay; clipboard-write; encrypted-media; gyroscope; picture-in-picture" allowfullscreen data-no-lazy="1" data-skipgform_ajax_framebjll=""></iframe></h4>
<p>&nbsp;</p>
<h4>&#8220;SOGNO BOTÁNICO&#8221; EXHIBITION OF VALERIA PESCE AT THE BOTANICAL-HISTORICAL GARDEN LA CONCEPCIÓN OF MÁLAGA 2</h4>
<h4><iframe  id="_ytid_52684"  width="1060" height="596"  data-origwidth="1060" data-origheight="596" src="https://www.youtube.com/embed/VIxXiUrlVSA?enablejsapi=1&autoplay=0&cc_load_policy=0&cc_lang_pref=&iv_load_policy=1&loop=0&modestbranding=0&rel=1&fs=1&playsinline=0&autohide=2&theme=dark&color=red&controls=1&" class="__youtube_prefs__  no-lazyload" title="YouTube player"  allow="accelerometer; autoplay; clipboard-write; encrypted-media; gyroscope; picture-in-picture" allowfullscreen data-no-lazy="1" data-skipgform_ajax_framebjll=""></iframe></h4>
<p>&nbsp;</p>
<h4>&#8220;SOGNO BOTÁNICO&#8221; EXHIBITION OF VALERIA PESCE AT THE BOTANICAL-HISTORICAL GARDEN LA CONCEPCIÓN OF MÁLAGA 3</h4>
<h4><iframe  id="_ytid_71633"  width="1060" height="596"  data-origwidth="1060" data-origheight="596" src="https://www.youtube.com/embed/HyiRKmf2W0c?enablejsapi=1&autoplay=0&cc_load_policy=0&cc_lang_pref=&iv_load_policy=1&loop=0&modestbranding=0&rel=1&fs=1&playsinline=0&autohide=2&theme=dark&color=red&controls=1&" class="__youtube_prefs__  no-lazyload" title="YouTube player"  allow="accelerometer; autoplay; clipboard-write; encrypted-media; gyroscope; picture-in-picture" allowfullscreen data-no-lazy="1" data-skipgform_ajax_framebjll=""></iframe></h4>
<p>&nbsp;</p>
<h4>&#8220;SOGNO BOTÁNICO&#8221; EXHIBITION OF VALERIA PESCE AT THE BOTANICAL-HISTORICAL GARDEN LA CONCEPCIÓN OF MÁLAGA 4</h4>
<h4><iframe  id="_ytid_63206"  width="1060" height="596"  data-origwidth="1060" data-origheight="596" src="https://www.youtube.com/embed/H2XbQoE-UvQ?enablejsapi=1&autoplay=0&cc_load_policy=0&cc_lang_pref=&iv_load_policy=1&loop=0&modestbranding=0&rel=1&fs=1&playsinline=0&autohide=2&theme=dark&color=red&controls=1&" class="__youtube_prefs__  no-lazyload" title="YouTube player"  allow="accelerometer; autoplay; clipboard-write; encrypted-media; gyroscope; picture-in-picture" allowfullscreen data-no-lazy="1" data-skipgform_ajax_framebjll=""></iframe></h4>
<p>&nbsp;</p>
<h4>&#8220;SOGNO BOTÁNICO&#8221; EXHIBITION OF VALERIA PESCE AT THE BOTANICAL-HISTORICAL GARDEN LA CONCEPCIÓN OF MÁLAGA 5</h4>
<h4><iframe  id="_ytid_38377"  width="1060" height="596"  data-origwidth="1060" data-origheight="596" src="https://www.youtube.com/embed/-Z8g16RIkR4?enablejsapi=1&autoplay=0&cc_load_policy=0&cc_lang_pref=&iv_load_policy=1&loop=0&modestbranding=0&rel=1&fs=1&playsinline=0&autohide=2&theme=dark&color=red&controls=1&" class="__youtube_prefs__  no-lazyload" title="YouTube player"  allow="accelerometer; autoplay; clipboard-write; encrypted-media; gyroscope; picture-in-picture" allowfullscreen data-no-lazy="1" data-skipgform_ajax_framebjll=""></iframe></h4>
