{"id":33,"date":"2018-01-08T18:54:52","date_gmt":"2018-01-08T18:54:52","guid":{"rendered":"https:\/\/vesaniart.com\/?page_id=33"},"modified":"2024-10-11T11:08:34","modified_gmt":"2024-10-11T11:08:34","slug":"artistas","status":"publish","type":"page","link":"https:\/\/vesaniart.com\/en\/artistas","title":{"rendered":"Artists"},"content":{"rendered":"<p>[vc_row css_animation=&#8221;&#8221; row_type=&#8221;row&#8221; use_row_as_full_screen_section=&#8221;no&#8221; type=&#8221;full_width&#8221; angled_section=&#8221;no&#8221; text_align=&#8221;left&#8221; background_image_as_pattern=&#8221;without_pattern&#8221;][vc_column][vc_column_text]<\/p>\n<p style=\"text-align: center;\">CHECK PRICES IN <a href=\"mailto:director@vesaniart.com\">DIRECTOR@VESANIART.COM<\/a><\/p>\n<p style=\"text-align: center;\">PRICES PUBLISHED IN\u00a0<a href=\"https:\/\/www.arteinformado.com\/galeria\/#\/organizacion\/vesaniart-art-gallery\/128311\">ARTEINFORMADO. Portal sobre arte contempor\u00e1neo iberoamericano. Secci\u00f3n Galer\u00eda de Obra.<\/a><\/p>\n<p>[\/vc_column_text][vc_separator type=&#8221;normal&#8221; color=&#8221;#ffffff&#8221;][vc_separator type=&#8221;normal&#8221; color=&#8221;#ffffff&#8221;][vc_separator type=&#8221;normal&#8221; color=&#8221;#ffffff&#8221;][vc_separator type=&#8221;normal&#8221; color=&#8221;#ffffff&#8221;][vc_separator type=&#8221;normal&#8221; color=&#8221;#ffffff&#8221;][\/vc_column][\/vc_row][vc_row css_animation=&#8221;&#8221; row_type=&#8221;row&#8221; use_row_as_full_screen_section=&#8221;no&#8221; type=&#8221;full_width&#8221; angled_section=&#8221;no&#8221; text_align=&#8221;left&#8221; background_image_as_pattern=&#8221;without_pattern&#8221;][vc_column width=&#8221;1\/3&#8243;][vc_gallery type=&#8221;image_grid&#8221; images=&#8221;2948&#8243; img_size=&#8221;400&#215;400&#8243; onclick=&#8221;custom_link&#8221; column_number=&#8221;0&#8243; grayscale=&#8221;no&#8221; images_space=&#8221;gallery_without_space&#8221; title=&#8221;Ahmad Ghoreishi&#8221; custom_links=&#8221;\/en\/artistas\/ahmad-ghoreishi&#8221;][vc_empty_space height=&#8221;50px&#8221;][\/vc_column][vc_column width=&#8221;1\/3&#8243;][vc_gallery type=&#8221;image_grid&#8221; images=&#8221;4835&#8243; img_size=&#8221;400&#215;400&#8243; onclick=&#8221;custom_link&#8221; column_number=&#8221;0&#8243; grayscale=&#8221;no&#8221; images_space=&#8221;gallery_without_space&#8221; title=&#8221;Alexander Lobaina&#8221; custom_links=&#8221;\/en\/artistas\/alexander-lobaina&#8221;][vc_empty_space height=&#8221;50px&#8221;][\/vc_column][vc_column width=&#8221;1\/3&#8243;][vc_gallery type=&#8221;image_grid&#8221; images=&#8221;1522&#8243; img_size=&#8221;400&#215;400&#8243; onclick=&#8221;custom_link&#8221; column_number=&#8221;0&#8243; grayscale=&#8221;no&#8221; images_space=&#8221;gallery_without_space&#8221; title=&#8221;Chema Lumbreras&#8221; custom_links=&#8221;\/en\/artistas\/chema-lumbreras&#8221;][vc_empty_space height=&#8221;50px&#8221;][\/vc_column][\/vc_row][vc_row css_animation=&#8221;&#8221; row_type=&#8221;row&#8221; use_row_as_full_screen_section=&#8221;no&#8221; type=&#8221;full_width&#8221; angled_section=&#8221;no&#8221; text_align=&#8221;left&#8221; background_image_as_pattern=&#8221;without_pattern&#8221;][vc_column width=&#8221;1\/3&#8243;][vc_gallery type=&#8221;image_grid&#8221; images=&#8221;1436&#8243; img_size=&#8221;400&#215;400&#8243; onclick=&#8221;custom_link&#8221; column_number=&#8221;0&#8243; grayscale=&#8221;no&#8221; images_space=&#8221;gallery_without_space&#8221; title=&#8221;Eryk Pall&#8221; custom_links=&#8221;\/en\/artistas\/eryk-pall&#8221;][vc_empty_space height=&#8221;50px&#8221;][\/vc_column][vc_column width=&#8221;1\/3&#8243;][vc_gallery type=&#8221;image_grid&#8221; images=&#8221;3053&#8243; img_size=&#8221;400&#215;400&#8243; onclick=&#8221;custom_link&#8221; column_number=&#8221;0&#8243; grayscale=&#8221;no&#8221; images_space=&#8221;gallery_without_space&#8221; title=&#8221;Jose Antonio Diazdel&#8221; custom_links=&#8221;\/en\/artistas\/jose-antonio-diazdel&#8221;][vc_empty_space height=&#8221;50px&#8221;][\/vc_column][vc_column width=&#8221;1\/3&#8243;][vc_gallery type=&#8221;image_grid&#8221; images=&#8221;2606&#8243; img_size=&#8221;400&#215;400&#8243; onclick=&#8221;custom_link&#8221; column_number=&#8221;0&#8243; grayscale=&#8221;no&#8221; images_space=&#8221;gallery_without_space&#8221; title=&#8221;Julia Diazdel&#8221; custom_links=&#8221;\/en\/artistas\/julia-diazdel&#8221;][vc_empty_space height=&#8221;50px&#8221;][\/vc_column][\/vc_row][vc_row css_animation=&#8221;&#8221; row_type=&#8221;row&#8221; use_row_as_full_screen_section=&#8221;no&#8221; type=&#8221;full_width&#8221; angled_section=&#8221;no&#8221; text_align=&#8221;left&#8221; background_image_as_pattern=&#8221;without_pattern&#8221;][vc_column width=&#8221;1\/3&#8243;][vc_gallery type=&#8221;image_grid&#8221; images=&#8221;3643&#8243; img_size=&#8221;400&#215;400&#8243; onclick=&#8221;custom_link&#8221; column_number=&#8221;0&#8243; grayscale=&#8221;no&#8221; images_space=&#8221;gallery_without_space&#8221; title=&#8221;Kelly Fischer&#8221; custom_links=&#8221;\/en\/artistas\/kelly-fischer&#8221;][vc_empty_space height=&#8221;50px&#8221;][\/vc_column][vc_column width=&#8221;1\/3&#8243;][vc_gallery type=&#8221;image_grid&#8221; images=&#8221;1905&#8243; img_size=&#8221;400&#215;400&#8243; onclick=&#8221;custom_link&#8221; column_number=&#8221;0&#8243; grayscale=&#8221;no&#8221; images_space=&#8221;gallery_without_space&#8221; title=&#8221;Leonel Cunha&#8221; custom_links=&#8221;\/en\/artistas\/leonel-cunha&#8221;][vc_empty_space height=&#8221;50px&#8221;][\/vc_column][vc_column width=&#8221;1\/3&#8243;][vc_gallery type=&#8221;image_grid&#8221; images=&#8221;539&#8243; img_size=&#8221;400&#215;400&#8243; onclick=&#8221;custom_link&#8221; column_number=&#8221;0&#8243; grayscale=&#8221;no&#8221; images_space=&#8221;gallery_without_space&#8221; title=&#8221;Mar\u00eda D\u00e1vila&#8221; custom_links=&#8221;\/en\/artistas\/maria-davila&#8221;][vc_empty_space height=&#8221;50px&#8221;][\/vc_column][\/vc_row][vc_row css_animation=&#8221;&#8221; row_type=&#8221;row&#8221; use_row_as_full_screen_section=&#8221;no&#8221; type=&#8221;full_width&#8221; angled_section=&#8221;no&#8221; text_align=&#8221;left&#8221; background_image_as_pattern=&#8221;without_pattern&#8221;][vc_column width=&#8221;1\/3&#8243;][vc_gallery type=&#8221;image_grid&#8221; images=&#8221;343&#8243; img_size=&#8221;400&#215;400&#8243; onclick=&#8221;custom_link&#8221; column_number=&#8221;0&#8243; grayscale=&#8221;no&#8221; images_space=&#8221;gallery_without_space&#8221; title=&#8221;Mar\u00eda Escalona&#8221; custom_links=&#8221;\/en\/artistas\/maria-escalona&#8221;][vc_empty_space height=&#8221;50px&#8221;][\/vc_column][vc_column width=&#8221;1\/3&#8243;][vc_gallery type=&#8221;image_grid&#8221; images=&#8221;3059&#8243; img_size=&#8221;400&#215;400&#8243; onclick=&#8221;custom_link&#8221; column_number=&#8221;0&#8243; grayscale=&#8221;no&#8221; images_space=&#8221;gallery_without_space&#8221; title=&#8221;Ot\u00e9&#8221; custom_links=&#8221;\/en\/artistas\/ote&#8221;][vc_empty_space height=&#8221;50px&#8221;][\/vc_column][vc_column width=&#8221;1\/3&#8243;][vc_gallery type=&#8221;image_grid&#8221; images=&#8221;2643&#8243; img_size=&#8221;400&#215;400&#8243; onclick=&#8221;custom_link&#8221; column_number=&#8221;0&#8243; grayscale=&#8221;no&#8221; images_space=&#8221;gallery_without_space&#8221; title=&#8221;Rafael Alvarado&#8221; custom_links=&#8221;\/en\/artistas\/rafael-alvarado&#8221;][vc_empty_space height=&#8221;50px&#8221;][\/vc_column][\/vc_row][vc_row css_animation=&#8221;&#8221; row_type=&#8221;row&#8221; use_row_as_full_screen_section=&#8221;no&#8221; type=&#8221;full_width&#8221; angled_section=&#8221;no&#8221; text_align=&#8221;left&#8221; background_image_as_pattern=&#8221;without_pattern&#8221;][vc_column width=&#8221;1\/3&#8243;][vc_gallery type=&#8221;image_grid&#8221; images=&#8221;3260&#8243; img_size=&#8221;400&#215;400&#8243; onclick=&#8221;custom_link&#8221; column_number=&#8221;0&#8243; grayscale=&#8221;no&#8221; images_space=&#8221;gallery_without_space&#8221; title=&#8221;Sebasti\u00e1n Navas&#8221; custom_links=&#8221;\/en\/artistas\/sebastian-navas&#8221;][vc_empty_space height=&#8221;50px&#8221;][\/vc_column][vc_column width=&#8221;1\/3&#8243;][vc_gallery type=&#8221;image_grid&#8221; images=&#8221;706&#8243; img_size=&#8221;400&#215;400&#8243; onclick=&#8221;custom_link&#8221; column_number=&#8221;0&#8243; grayscale=&#8221;no&#8221; images_space=&#8221;gallery_without_space&#8221; title=&#8221;Tato Coca&#8221; custom_links=&#8221;\/en\/artistas\/tato-coca&#8221;][vc_empty_space height=&#8221;50px&#8221;][\/vc_column][vc_column width=&#8221;1\/3&#8243;][vc_gallery type=&#8221;image_grid&#8221; images=&#8221;3370&#8243; img_size=&#8221;400&#215;400&#8243; onclick=&#8221;custom_link&#8221; column_number=&#8221;0&#8243; grayscale=&#8221;no&#8221; images_space=&#8221;gallery_without_space&#8221; title=&#8221;Valeria Pesce&#8221; custom_links=&#8221;\/en\/artistas\/valeria-pesce&#8221;][vc_empty_space height=&#8221;50px&#8221;][\/vc_column][\/vc_row][vc_row css_animation=&#8221;&#8221; row_type=&#8221;row&#8221; use_row_as_full_screen_section=&#8221;no&#8221; type=&#8221;full_width&#8221; angled_section=&#8221;no&#8221; text_align=&#8221;left&#8221; background_image_as_pattern=&#8221;without_pattern&#8221;][vc_column][vc_empty_space][\/vc_column][\/vc_row]<\/p>\n","protected":false},"excerpt":{"rendered":"[vc_row css_animation=&#8221;&#8221; row_type=&#8221;row&#8221; use_row_as_full_screen_section=&#8221;no&#8221; type=&#8221;full_width&#8221; angled_section=&#8221;no&#8221; text_align=&#8221;left&#8221; background_image_as_pattern=&#8221;without_pattern&#8221;][vc_column][vc_column_text] CHECK PRICES IN DIRECTOR@VESANIART.COM PRICES PUBLISHED IN\u00a0ARTEINFORMADO. Portal sobre arte contempor\u00e1neo iberoamericano. Secci\u00f3n Galer\u00eda de Obra. [\/vc_column_text][vc_separator type=&#8221;normal&#8221; color=&#8221;#ffffff&#8221;][vc_separator type=&#8221;normal&#8221; color=&#8221;#ffffff&#8221;][vc_separator type=&#8221;normal&#8221; color=&#8221;#ffffff&#8221;][vc_separator type=&#8221;normal&#8221; color=&#8221;#ffffff&#8221;][vc_separator type=&#8221;normal&#8221; color=&#8221;#ffffff&#8221;][\/vc_column][\/vc_row][vc_row css_animation=&#8221;&#8221; row_type=&#8221;row&#8221; use_row_as_full_screen_section=&#8221;no&#8221; type=&#8221;full_width&#8221; angled_section=&#8221;no&#8221; text_align=&#8221;left&#8221; background_image_as_pattern=&#8221;without_pattern&#8221;][vc_column width=&#8221;1\/3&#8243;][vc_gallery type=&#8221;image_grid&#8221; images=&#8221;2948&#8243; img_size=&#8221;400&#215;400&#8243; onclick=&#8221;custom_link&#8221; column_number=&#8221;0&#8243; grayscale=&#8221;no&#8221; images_space=&#8221;gallery_without_space&#8221; title=&#8221;Ahmad Ghoreishi&#8221; custom_links=&#8221;\/en\/artistas\/ahmad-ghoreishi&#8221;][vc_empty_space height=&#8221;50px&#8221;][\/vc_column][vc_column width=&#8221;1\/3&#8243;][vc_gallery type=&#8221;image_grid&#8221; images=&#8221;4835&#8243; img_size=&#8221;400&#215;400&#8243; onclick=&#8221;custom_link&#8221; column_number=&#8221;0&#8243; grayscale=&#8221;no&#8221; images_space=&#8221;gallery_without_space&#8221; title=&#8221;Alexander Lobaina&#8221; custom_links=&#8221;\/en\/artistas\/alexander-lobaina&#8221;][vc_empty_space height=&#8221;50px&#8221;][\/vc_column][vc_column width=&#8221;1\/3&#8243;][vc_gallery type=&#8221;image_grid&#8221; images=&#8221;1522&#8243; img_size=&#8221;400&#215;400&#8243; onclick=&#8221;custom_link&#8221; column_number=&#8221;0&#8243; grayscale=&#8221;no&#8221; images_space=&#8221;gallery_without_space&#8221; title=&#8221;Chema&#8230;","protected":false},"author":1,"featured_media":0,"parent":0,"menu_order":0,"comment_status":"closed","ping_status":"closed","template":"","meta":{"footnotes":"","_links_to":"","_links_to_target":""},"_links":{"self":[{"href":"https:\/\/vesaniart.com\/en\/wp-json\/wp\/v2\/pages\/33"}],"collection":[{"href":"https:\/\/vesaniart.com\/en\/wp-json\/wp\/v2\/pages"}],"about":[{"href":"https:\/\/vesaniart.com\/en\/wp-json\/wp\/v2\/types\/page"}],"author":[{"embeddable":true,"href":"https:\/\/vesaniart.com\/en\/wp-json\/wp\/v2\/users\/1"}],"replies":[{"embeddable":true,"href":"https:\/\/vesaniart.com\/en\/wp-json\/wp\/v2\/comments?post=33"}],"version-history":[{"count":279,"href":"https:\/\/vesaniart.com\/en\/wp-json\/wp\/v2\/pages\/33\/revisions"}],"predecessor-version":[{"id":5518,"href":"https:\/\/vesaniart.com\/en\/wp-json\/wp\/v2\/pages\/33\/revisions\/5518"}],"wp:attachment":[{"href":"https:\/\/vesaniart.com\/en\/wp-json\/wp\/v2\/media?parent=33"}],"curies":[{"name":"wp","href":"https:\/\/api.w.org\/{rel}","templated":true}]}}

<p>[vc_row css_animation=&#8221;&#8221; row_type=&#8221;row&#8221; use_row_as_full_screen_section=&#8221;no&#8221; type=&#8221;full_width&#8221; angled_section=&#8221;no&#8221; text_align=&#8221;left&#8221; background_image_as_pattern=&#8221;without_pattern&#8221;][vc_column][vc_column_text]</p>
<p style="text-align: center;">CHECK PRICES IN <a href="mailto:director@vesaniart.com">DIRECTOR@VESANIART.COM</a></p>
<p style="text-align: center;">PRICES PUBLISHED IN <a href="https://www.arteinformado.com/galeria/#/organizacion/vesaniart-art-gallery/128311">ARTEINFORMADO. Portal sobre arte contemporáneo iberoamericano. Sección Galería de Obra.</a></p>
<p>[/vc_column_text][vc_separator type=&#8221;normal&#8221; color=&#8221;#ffffff&#8221;][vc_separator type=&#8221;normal&#8221; color=&#8221;#ffffff&#8221;][vc_separator type=&#8221;normal&#8221; color=&#8221;#ffffff&#8221;][vc_separator type=&#8221;normal&#8221; color=&#8221;#ffffff&#8221;][vc_separator type=&#8221;normal&#8221; color=&#8221;#ffffff&#8221;][/vc_column][/vc_row][vc_row css_animation=&#8221;&#8221; row_type=&#8221;row&#8221; use_row_as_full_screen_section=&#8221;no&#8221; type=&#8221;full_width&#8221; angled_section=&#8221;no&#8221; text_align=&#8221;left&#8221; background_image_as_pattern=&#8221;without_pattern&#8221;][vc_column width=&#8221;1/3&#8243;][vc_gallery type=&#8221;image_grid&#8221; images=&#8221;2948&#8243; img_size=&#8221;400&#215;400&#8243; onclick=&#8221;custom_link&#8221; column_number=&#8221;0&#8243; grayscale=&#8221;no&#8221; images_space=&#8221;gallery_without_space&#8221; title=&#8221;Ahmad Ghoreishi&#8221; custom_links=&#8221;/en/artistas/ahmad-ghoreishi&#8221;][vc_empty_space height=&#8221;50px&#8221;][/vc_column][vc_column width=&#8221;1/3&#8243;][vc_gallery type=&#8221;image_grid&#8221; images=&#8221;4835&#8243; img_size=&#8221;400&#215;400&#8243; onclick=&#8221;custom_link&#8221; column_number=&#8221;0&#8243; grayscale=&#8221;no&#8221; images_space=&#8221;gallery_without_space&#8221; title=&#8221;Alexander Lobaina&#8221; custom_links=&#8221;/en/artistas/alexander-lobaina&#8221;][vc_empty_space height=&#8221;50px&#8221;][/vc_column][vc_column width=&#8221;1/3&#8243;][vc_gallery type=&#8221;image_grid&#8221; images=&#8221;1522&#8243; img_size=&#8221;400&#215;400&#8243; onclick=&#8221;custom_link&#8221; column_number=&#8221;0&#8243; grayscale=&#8221;no&#8221; images_space=&#8221;gallery_without_space&#8221; title=&#8221;Chema Lumbreras&#8221; custom_links=&#8221;/en/artistas/chema-lumbreras&#8221;][vc_empty_space height=&#8221;50px&#8221;][/vc_column][/vc_row][vc_row css_animation=&#8221;&#8221; row_type=&#8221;row&#8221; use_row_as_full_screen_section=&#8221;no&#8221; type=&#8221;full_width&#8221; angled_section=&#8221;no&#8221; text_align=&#8221;left&#8221; background_image_as_pattern=&#8221;without_pattern&#8221;][vc_column width=&#8221;1/3&#8243;][vc_gallery type=&#8221;image_grid&#8221; images=&#8221;1436&#8243; img_size=&#8221;400&#215;400&#8243; onclick=&#8221;custom_link&#8221; column_number=&#8221;0&#8243; grayscale=&#8221;no&#8221; images_space=&#8221;gallery_without_space&#8221; title=&#8221;Eryk Pall&#8221; custom_links=&#8221;/en/artistas/eryk-pall&#8221;][vc_empty_space height=&#8221;50px&#8221;][/vc_column][vc_column width=&#8221;1/3&#8243;][vc_gallery type=&#8221;image_grid&#8221; images=&#8221;3053&#8243; img_size=&#8221;400&#215;400&#8243; onclick=&#8221;custom_link&#8221; column_number=&#8221;0&#8243; grayscale=&#8221;no&#8221; images_space=&#8221;gallery_without_space&#8221; title=&#8221;Jose Antonio Diazdel&#8221; custom_links=&#8221;/en/artistas/jose-antonio-diazdel&#8221;][vc_empty_space height=&#8221;50px&#8221;][/vc_column][vc_column width=&#8221;1/3&#8243;][vc_gallery type=&#8221;image_grid&#8221; images=&#8221;2606&#8243; img_size=&#8221;400&#215;400&#8243; onclick=&#8221;custom_link&#8221; column_number=&#8221;0&#8243; grayscale=&#8221;no&#8221; images_space=&#8221;gallery_without_space&#8221; title=&#8221;Julia Diazdel&#8221; custom_links=&#8221;/en/artistas/julia-diazdel&#8221;][vc_empty_space height=&#8221;50px&#8221;][/vc_column][/vc_row][vc_row css_animation=&#8221;&#8221; row_type=&#8221;row&#8221; use_row_as_full_screen_section=&#8221;no&#8221; type=&#8221;full_width&#8221; angled_section=&#8221;no&#8221; text_align=&#8221;left&#8221; background_image_as_pattern=&#8221;without_pattern&#8221;][vc_column width=&#8221;1/3&#8243;][vc_gallery type=&#8221;image_grid&#8221; images=&#8221;3643&#8243; img_size=&#8221;400&#215;400&#8243; onclick=&#8221;custom_link&#8221; column_number=&#8221;0&#8243; grayscale=&#8221;no&#8221; images_space=&#8221;gallery_without_space&#8221; title=&#8221;Kelly Fischer&#8221; custom_links=&#8221;/en/artistas/kelly-fischer&#8221;][vc_empty_space height=&#8221;50px&#8221;][/vc_column][vc_column width=&#8221;1/3&#8243;][vc_gallery type=&#8221;image_grid&#8221; images=&#8221;1905&#8243; img_size=&#8221;400&#215;400&#8243; onclick=&#8221;custom_link&#8221; column_number=&#8221;0&#8243; grayscale=&#8221;no&#8221; images_space=&#8221;gallery_without_space&#8221; title=&#8221;Leonel Cunha&#8221; custom_links=&#8221;/en/artistas/leonel-cunha&#8221;][vc_empty_space height=&#8221;50px&#8221;][/vc_column][vc_column width=&#8221;1/3&#8243;][vc_gallery type=&#8221;image_grid&#8221; images=&#8221;539&#8243; img_size=&#8221;400&#215;400&#8243; onclick=&#8221;custom_link&#8221; column_number=&#8221;0&#8243; grayscale=&#8221;no&#8221; images_space=&#8221;gallery_without_space&#8221; title=&#8221;María Dávila&#8221; custom_links=&#8221;/en/artistas/maria-davila&#8221;][vc_empty_space height=&#8221;50px&#8221;][/vc_column][/vc_row][vc_row css_animation=&#8221;&#8221; row_type=&#8221;row&#8221; use_row_as_full_screen_section=&#8221;no&#8221; type=&#8221;full_width&#8221; angled_section=&#8221;no&#8221; text_align=&#8221;left&#8221; background_image_as_pattern=&#8221;without_pattern&#8221;][vc_column width=&#8221;1/3&#8243;][vc_gallery type=&#8221;image_grid&#8221; images=&#8221;343&#8243; img_size=&#8221;400&#215;400&#8243; onclick=&#8221;custom_link&#8221; column_number=&#8221;0&#8243; grayscale=&#8221;no&#8221; images_space=&#8221;gallery_without_space&#8221; title=&#8221;María Escalona&#8221; custom_links=&#8221;/en/artistas/maria-escalona&#8221;][vc_empty_space height=&#8221;50px&#8221;][/vc_column][vc_column width=&#8221;1/3&#8243;][vc_gallery type=&#8221;image_grid&#8221; images=&#8221;3059&#8243; img_size=&#8221;400&#215;400&#8243; onclick=&#8221;custom_link&#8221; column_number=&#8221;0&#8243; grayscale=&#8221;no&#8221; images_space=&#8221;gallery_without_space&#8221; title=&#8221;Oté&#8221; custom_links=&#8221;/en/artistas/ote&#8221;][vc_empty_space height=&#8221;50px&#8221;][/vc_column][vc_column width=&#8221;1/3&#8243;][vc_gallery type=&#8221;image_grid&#8221; images=&#8221;2643&#8243; img_size=&#8221;400&#215;400&#8243; onclick=&#8221;custom_link&#8221; column_number=&#8221;0&#8243; grayscale=&#8221;no&#8221; images_space=&#8221;gallery_without_space&#8221; title=&#8221;Rafael Alvarado&#8221; custom_links=&#8221;/en/artistas/rafael-alvarado&#8221;][vc_empty_space height=&#8221;50px&#8221;][/vc_column][/vc_row][vc_row css_animation=&#8221;&#8221; row_type=&#8221;row&#8221; use_row_as_full_screen_section=&#8221;no&#8221; type=&#8221;full_width&#8221; angled_section=&#8221;no&#8221; text_align=&#8221;left&#8221; background_image_as_pattern=&#8221;without_pattern&#8221;][vc_column width=&#8221;1/3&#8243;][vc_gallery type=&#8221;image_grid&#8221; images=&#8221;3260&#8243; img_size=&#8221;400&#215;400&#8243; onclick=&#8221;custom_link&#8221; column_number=&#8221;0&#8243; grayscale=&#8221;no&#8221; images_space=&#8221;gallery_without_space&#8221; title=&#8221;Sebastián Navas&#8221; custom_links=&#8221;/en/artistas/sebastian-navas&#8221;][vc_empty_space height=&#8221;50px&#8221;][/vc_column][vc_column width=&#8221;1/3&#8243;][vc_gallery type=&#8221;image_grid&#8221; images=&#8221;706&#8243; img_size=&#8221;400&#215;400&#8243; onclick=&#8221;custom_link&#8221; column_number=&#8221;0&#8243; grayscale=&#8221;no&#8221; images_space=&#8221;gallery_without_space&#8221; title=&#8221;Tato Coca&#8221; custom_links=&#8221;/en/artistas/tato-coca&#8221;][vc_empty_space height=&#8221;50px&#8221;][/vc_column][vc_column width=&#8221;1/3&#8243;][vc_gallery type=&#8221;image_grid&#8221; images=&#8221;3370&#8243; img_size=&#8221;400&#215;400&#8243; onclick=&#8221;custom_link&#8221; column_number=&#8221;0&#8243; grayscale=&#8221;no&#8221; images_space=&#8221;gallery_without_space&#8221; title=&#8221;Valeria Pesce&#8221; custom_links=&#8221;/en/artistas/valeria-pesce&#8221;][vc_empty_space height=&#8221;50px&#8221;][/vc_column][/vc_row][vc_row css_animation=&#8221;&#8221; row_type=&#8221;row&#8221; use_row_as_full_screen_section=&#8221;no&#8221; type=&#8221;full_width&#8221; angled_section=&#8221;no&#8221; text_align=&#8221;left&#8221; background_image_as_pattern=&#8221;without_pattern&#8221;][vc_column][vc_empty_space][/vc_column][/vc_row]</p>

[vc_row css_animation=&#8221;&#8221; row_type=&#8221;row&#8221; use_row_as_full_screen_section=&#8221;no&#8221; type=&#8221;full_width&#8221; angled_section=&#8221;no&#8221; text_align=&#8221;left&#8221; background_image_as_pattern=&#8221;without_pattern&#8221;][vc_column][vc_column_text] CHECK PRICES IN DIRECTOR@VESANIART.COM PRICES PUBLISHED IN ARTEINFORMADO. Portal sobre arte contemporáneo iberoamericano. Sección Galería de Obra. [/vc_column_text][vc_separator type=&#8221;normal&#8221; color=&#8221;#ffffff&#8221;][vc_separator type=&#8221;normal&#8221; color=&#8221;#ffffff&#8221;][vc_separator type=&#8221;normal&#8221; color=&#8221;#ffffff&#8221;][vc_separator type=&#8221;normal&#8221; color=&#8221;#ffffff&#8221;][vc_separator type=&#8221;normal&#8221; color=&#8221;#ffffff&#8221;][/vc_column][/vc_row][vc_row css_animation=&#8221;&#8221; row_type=&#8221;row&#8221; use_row_as_full_screen_section=&#8221;no&#8221; type=&#8221;full_width&#8221; angled_section=&#8221;no&#8221; text_align=&#8221;left&#8221; background_image_as_pattern=&#8221;without_pattern&#8221;][vc_column width=&#8221;1/3&#8243;][vc_gallery type=&#8221;image_grid&#8221; images=&#8221;2948&#8243; img_size=&#8221;400&#215;400&#8243; onclick=&#8221;custom_link&#8221; column_number=&#8221;0&#8243; grayscale=&#8221;no&#8221; images_space=&#8221;gallery_without_space&#8221; title=&#8221;Ahmad Ghoreishi&#8221; custom_links=&#8221;/en/artistas/ahmad-ghoreishi&#8221;][vc_empty_space height=&#8221;50px&#8221;][/vc_column][vc_column width=&#8221;1/3&#8243;][vc_gallery type=&#8221;image_grid&#8221; images=&#8221;4835&#8243; img_size=&#8221;400&#215;400&#8243; onclick=&#8221;custom_link&#8221; column_number=&#8221;0&#8243; grayscale=&#8221;no&#8221; images_space=&#8221;gallery_without_space&#8221; title=&#8221;Alexander Lobaina&#8221; custom_links=&#8221;/en/artistas/alexander-lobaina&#8221;][vc_empty_space height=&#8221;50px&#8221;][/vc_column][vc_column width=&#8221;1/3&#8243;][vc_gallery type=&#8221;image_grid&#8221; images=&#8221;1522&#8243; img_size=&#8221;400&#215;400&#8243; onclick=&#8221;custom_link&#8221; column_number=&#8221;0&#8243; grayscale=&#8221;no&#8221; images_space=&#8221;gallery_without_space&#8221; title=&#8221;Chema&#8230;
